{"id":2224,"date":"2019-11-21T09:23:15","date_gmt":"2019-11-21T12:23:15","guid":{"rendered":"https:\/\/iap.crp.ufv.br\/?page_id=2224"},"modified":"2025-03-26T09:58:11","modified_gmt":"2025-03-26T12:58:11","slug":"menu06","status":"publish","type":"page","link":"https:\/\/iap.crp.ufv.br\/?page_id=2224","title":{"rendered":"Certificados"},"content":{"rendered":"\r\n<h4 class=\"wp-block-heading\"><strong>Emiss\u00e3o de Certificados de Extens\u00e3o<\/strong><\/h4>\r\n\r\n\r\n\r\n<p>Para que o Instituto de Ci\u00eancias Agr\u00e1rias realize a emiss\u00e3o de certificados pelo sistema <a href=\"https:\/\/www.certificados.ufv.br\" target=\"_blank\" rel=\"noreferrer noopener\" aria-label=\"https:\/\/www.certificados.ufv.br (abre numa nova aba)\">https:\/\/www.certificados.ufv.br<\/a> o requisitante (coordenador da atividade) dever\u00e1 realizar os seguintes procedimentos:<br \/><br \/>1) Lan\u00e7ar a atividade no RAEX (<a href=\"http:\/\/www.raex.ufv.br\" target=\"_blank\" rel=\"noreferrer noopener\" aria-label=\"http:\/\/www.raex.ufv.br (abre numa nova aba)\">http:\/\/www.raex.ufv.br<\/a>) e acompanhar a tramita\u00e7\u00e3o at\u00e9 o registro ser efetivado (autoriza\u00e7\u00e3o em \u00faltima inst\u00e2ncia pela Pr\u00f3-reitoria de Extens\u00e3o e Cultura), visto que, somente ap\u00f3s o registro, os certificados (inclusive dos organizadores) poder\u00e3o ser emitidos. <br \/>2) Preencher planilha edit\u00e1vel <strong><a href=\"https:\/\/iap.crp.ufv.br\/wp-content\/uploads\/PLANILHA-DE-DADOS-DOS-CERTIFICANDOS.xlsx\" target=\"_blank\" rel=\"noreferrer noopener\" aria-label=\"neste modelo (abre numa nova aba)\">neste modelo<\/a> <\/strong>(Excel ou Calc) com os dados requisitados. <strong>N\u00e3o ser\u00e1 aceita qualquer planilha que n\u00e3o seja o modelo indicado.<\/strong> <br \/>3) Cada mini curso ou palestra do evento dever\u00e1 se enviado em uma planilha separada. O nome do arquivo dever\u00e1 possuir o nome ou sigla do evento e o nome do curso, palestra, etc., por exemplo, \u201cSIA \u2013 curso de produ\u00e7\u00e3o de texto.xls\u201d.<br \/>4) Encaminhar a requisi\u00e7\u00e3o para o e-mail do Instituto vinculado \u00e0 atividade, ou seja, para o e-mail do IAP (iapcrp@ufv.br).<br \/>5) O coordenador da atividade dever\u00e1 encaminhar sua assinatura digitalizada (<strong>sem o fundo<\/strong>\u00a0e em<strong>\u00a0formato PNG)<\/strong>\u00a0ao e-mail do setor respons\u00e1vel, caso o setor ainda n\u00e3o a possua arquivada ou caso a resolu\u00e7\u00e3o n\u00e3o seja suficiente . <\/p>\r\n\r\n\r\n\r\n<h4 class=\"wp-block-heading\"><strong>Orienta\u00e7\u00f5es <\/strong><\/h4>\r\n\r\n\r\n\r\n<p><br \/>1) Minicursos, visitas e outras atividades em um mesmo evento, dever\u00e3o ser cadastradas em novas planilhas em arquivos separados. O nome do arquivo dever\u00e1 possuir o nome ou sigla do evento e o nome do curso, palestra, etc., por exemplo,\u00a0<strong>\u201cSIA \u2013 curso de produ\u00e7\u00e3o de texto.xls\u201d.<\/strong><br \/>2) Deve-se evitar atribuir cargas hor\u00e1rias diferentes para cada participante, assim como, horas incompletas (Ex.: 3h20min). \u00c9 recomendado usar a norma de 75% de presen\u00e7a.<br \/>3) Caso haja erro no nome, CPF ou e-mail informado, o sistema bloquear\u00e1 a emiss\u00e3o.\u00a0<strong>Pedimos m\u00e1ximo cuidado com rela\u00e7\u00e3o aos n\u00fameros de CPF informados, estes devem ser estar sem ponto, sem h\u00edfen e com 11 d\u00edgitos.\u00a0<\/strong><br \/>4) Registros antigos n\u00e3o migrar\u00e3o para o novo sistema. Entretanto, eventos antigos<strong>\u00a0(anteriores a janeiro de 2021)<\/strong>\u00a0que nunca foram certificados, dever\u00e3o se adequar ao novo procedimento, para isso estes dever\u00e3o ser solicitados na DXC.<br \/>5)\u00a0<strong>O prazo para emiss\u00e3o dos certificados depender\u00e1 da demanda de servi\u00e7os do setor.<\/strong><br \/>6) O certificado ser\u00e1 em modelo padr\u00e3o para todos os eventos, portanto, n\u00e3o ser\u00e3o adicionadas outras informa\u00e7\u00f5es, tais como: parceria de empresas juniores e afins, logotipos, dentre outros. Apenas o conte\u00fado program\u00e1tico poder\u00e1 ser adicionado nos certificados, para isso, dever\u00e3o ser encaminhados com o pedido.<br \/>8) Situa\u00e7\u00f5es especiais dever\u00e3o ser previamente acordados.<br \/>9)\u00a0<strong>Somente o coordenador da atividade (servidor) poder\u00e1 requisitar a emiss\u00e3o de documentos<\/strong>.\u00a0<strong>N\u00e3o ser\u00e3o aceitas as requisi\u00e7\u00f5es realizadas por alunos<\/strong>.<br \/>10) Certificados das comiss\u00f5es organizadoras, palestrantes, ministrantes e colaboradores s\u00e3o emitidos automaticamente pelo\u00a0<a href=\"https:\/\/www.raex.ufv.br\/raex\/scripts\/certificado.php\">RAEX<\/a>.<\/p>\r\n\r\n\r\n\r\n<h4 class=\"wp-block-heading\"><strong>Emiss\u00e3o de Certificados<\/strong><\/h4>\r\n\r\n\r\n\r\n<p>Os\/as participantes\/as das atividades de extens\u00e3o podem baixar seus certificados acessando os sistemas:<br \/><strong><a href=\"https:\/\/www.raex.ufv.br\/\">https:\/\/www.raex.ufv.br<\/a>\u00a0<\/strong>&gt; Certificados<br \/><strong><a href=\"https:\/\/www.certificados.ufv.br\/\">https:\/\/www.certificados.ufv.br<\/a><\/strong>\u00a0&gt; Meus Certificados<br \/><a href=\"https:\/\/www.sia.ufv.br\/\"><strong>https:\/\/www.sia.ufv.br<\/strong><\/a>\u00a0&gt; Outras Edi\u00e7\u00f5es &gt; Certificados<\/p>\r\n","protected":false},"excerpt":{"rendered":"<p>Emiss\u00e3o de Certificados de Extens\u00e3o Para que o Instituto de Ci\u00eancias Agr\u00e1rias realize a emiss\u00e3o de certificados pelo sistema https:\/\/www.certificados.ufv.br o requisitante (coordenador da atividade) dever\u00e1 realizar os seguintes procedimentos: 1) Lan\u00e7ar a atividade no RAEX (http:\/\/www.raex.ufv.br) e acompanhar a tramita\u00e7\u00e3o at\u00e9 o registro ser efetivado (autoriza\u00e7\u00e3o em \u00faltima inst\u00e2ncia pela Pr\u00f3-reitoria de Extens\u00e3o e [&hellip;]<\/p>\n","protected":false},"author":1,"featured_media":0,"parent":0,"menu_order":0,"comment_status":"closed","ping_status":"closed","template":"","meta":{"footnotes":""},"class_list":["post-2224","page","type-page","status-publish","hentry"],"_links":{"self":[{"href":"https:\/\/iap.crp.ufv.br\/index.php?rest_route=\/wp\/v2\/pages\/2224","targetHints":{"allow":["GET"]}}],"collection":[{"href":"https:\/\/iap.crp.ufv.br\/index.php?rest_route=\/wp\/v2\/pages"}],"about":[{"href":"https:\/\/iap.crp.ufv.br\/index.php?rest_route=\/wp\/v2\/types\/page"}],"author":[{"embeddable":true,"href":"https:\/\/iap.crp.ufv.br\/index.php?rest_route=\/wp\/v2\/users\/1"}],"replies":[{"embeddable":true,"href":"https:\/\/iap.crp.ufv.br\/index.php?rest_route=%2Fwp%2Fv2%2Fcomments&post=2224"}],"version-history":[{"count":34,"href":"https:\/\/iap.crp.ufv.br\/index.php?rest_route=\/wp\/v2\/pages\/2224\/revisions"}],"predecessor-version":[{"id":2927,"href":"https:\/\/iap.crp.ufv.br\/index.php?rest_route=\/wp\/v2\/pages\/2224\/revisions\/2927"}],"wp:attachment":[{"href":"https:\/\/iap.crp.ufv.br\/index.php?rest_route=%2Fwp%2Fv2%2Fmedia&parent=2224"}],"curies":[{"name":"wp","href":"https:\/\/api.w.org\/{rel}","templated":true}]}}